3, 107647
What are the prime factors of 162231829?
29, 773, 7237
List the prime factors of 13801535.
5, 11, 17, 29, 509
What are the prime factors of 52100609?
11, 1021, 4639
List the prime factors of 2307606.
2, 3, 7, 47, 167
What are the prime factors of 2953109010?
2, 3, 5, 19, 1409, 3677
What are the prime factors of 3084750272?
2, 131, 139, 2647
What are the prime factors of 98854314?
2, 3, 13, 167, 7589
List the prime factors of 968276.
2, 242069
List the prime factors of 3610938352.
2, 7, 32240521
What are the prime factors of 998935625?
5, 499, 3203
What are the prime factors of 372394550?
2, 5, 11, 677081
What are the prime factors of 231585222?
2, 3, 11, 3508867
What are the prime factors of 2980512597?
3, 1723, 576613
List the prime factors of 1181465025.
3, 5, 13, 31, 39089
What are the prime factors of 38166663?
3, 61, 73, 2857
List the prime factors of 72407296.
2, 13, 21757
What are the prime factors of 98989566?
2, 3, 13, 971, 1307
List the prime factors of 2429465618.
2, 277, 4385317
List the prime factors of 567386696.
2, 17, 157, 26573
List the prime factors of 186282180.
2, 3, 5, 7, 16427
What are the prime factors of 71348295?
3, 5, 4756553
List the prime factors of 1695009976.
2, 11, 181, 106417
What are the prime factors of 65922281?
65922281
List the prime factors of 353463507.
3, 17, 197, 1303
What are the prime factors of 50866028?
2, 2857, 4451
List the prime factors of 5463153603.
3, 29, 20931623
What are the prime factors of 210141655?
5, 42028331
List the prime factors of 35954183.
593, 60631
List the prime factors of 2272411490.
2, 5, 941, 241489
List the prime factors of 224256970.
2, 5, 7, 967, 3313
What are the prime factors of 106402316?
2, 26600579
What are the prime factors of 13013497?
7, 1859071
List the prime factors of 127643093.
101, 1263793
What are the prime factors of 1868576074?
2, 23, 277, 146647
List the prime factors of 85057362.
2, 3, 13, 27961
List the prime factors of 74801715.
3, 5, 1231, 4051
What are the prime factors of 51372052?
2, 53, 443, 547
List the prime factors of 61351932.
2, 3, 5112661
List the prime factors of 681034401.
3, 181, 418069
What are the prime factors of 101479469?
7, 13, 41, 59, 461
List the prime factors of 225699614.
2, 7, 677, 23813
List the prime factors of 13984965.
3, 5, 17, 101, 181
What are the prime factors of 23282298?
2, 3, 13, 99497
What are the prime factors of 2237383200?
2, 3, 5, 13, 71711
List the prime factors of 67759647.
3, 22586549
What are the prime factors of 146670976?
2, 283, 4049
What are the prime factors of 1228576581?
3, 136508509
List the prime factors of 109549248.
2, 3, 570569
What are the prime factors of 27070325?
5, 241, 4493
What are the prime factors of 1894351522?
2, 7, 5743, 23561
What are the prime factors of 50327685?
3, 5, 1118393
What are the prime factors of 907331502?
2, 3, 7, 11, 1963921
What are the prime factors of 57804193?
57804193
What are the prime factors of 676081721?
7, 17, 157, 36187
What are the prime factors of 155119726?
2, 77559863
List the prime factors of 25266264.
2, 3, 37, 769
List the prime factors of 835809015.
3, 5, 5669, 9829
What are the prime factors of 3886338193?
17, 331, 40627
List the prime factors of 47246576.
2, 13, 227147
List the prime factors of 195722027.
195722027
What are the prime factors of 17855545?
5, 563, 6343
List the prime factors of 1443532882.
2, 11, 65615131
What are the prime factors of 10425027?
3, 223, 15583
What are the prime factors of 391168607?
71, 5509417
List the prime factors of 587156115.
3, 5, 7, 13, 17, 25303
List the prime factors of 1057945509.
3, 41, 61, 15667
List the prime factors of 144839105.
5, 28967821
List the prime factors of 225328707.
3, 25036523
What are the prime factors of 15370985?
5, 7, 439171
What are the prime factors of 181175990?
2, 5, 449, 40351
What are the prime factors of 727989761?
1627, 447443
What are the prime factors of 5397655668?
2, 3, 43, 83, 126031
List the prime factors of 261385053.
3, 1091, 79861
What are the prime factors of 3973058275?
5, 2791, 56941
What are the prime factors of 1160099844?
2, 3, 131, 227, 3251
List the prime factors of 605677473.
3, 31, 769, 941
List the prime factors of 25233204.
2, 3, 41, 51287
What are the prime factors of 2713801668?
2, 3, 226150139
List the prime factors of 18921764.
2, 79, 59879
What are the prime factors of 931916538?
2, 3, 7, 571, 12953
What are the prime factors of 784275156?
2, 3, 7, 1037401
What are the prime factors of 111547640?
2, 5, 643, 4337
What are the prime factors of 43605800?
2, 5, 7, 31147
List the prime factors of 105771255.
3, 5, 61, 115597
List the prime factors of 129300061.
11, 1451, 8101
List the prime factors of 2447311528.
2, 2393, 127837
List the prime factors of 20363518.
2, 7, 17, 719
What are the prime factors of 44051649?
3, 14683883
List the prime factors of 20640904.
2, 1283, 2011
What are the prime factors of 165411383?
6827, 24229
What are the prime factors of 2617159?
179, 14621
List the prime factors of 540989448.
2, 3, 22541227
What are the prime factors of 31956903?
3, 11, 107599
What are the prime factors of 4196931502?
2, 491, 557, 7673
List the prime factors of 172643923.
172643923
What are the prime factors of 381869159?
7, 54552737
List the prime factors of 2088356.
2, 163, 3203
What are the prime factors of 5956523?
109, 54647
What are the prime factors of 44628464?
2, 23, 173, 701
List the prime factors of 150883087.
43, 3508909
List the prime factors of 186042262.
2, 7, 19, 23, 47, 647
What are the prime factors of 14160605?
5, 19, 149059
List the prime factors of 12015011.
19, 31, 20399
What are the prime factors of 108496951?
131, 828221
What are the prime factors of 9468792?
2, 3, 59, 743
What are the prime factors of 6794251?
149, 45599
List the prime factors of 320985517.
17, 18881501
List the prime factors of 372384611.
372384611
What are the prime factors of 783174407?
487, 997, 1613
What are the prime factors of 1199406281?
26717, 44893
What are the prime factors of 2137665704?
2, 267208213
What are the prime factors of 1235945764?
2, 17, 3607, 5039
List the prime factors of 24314817.
3, 673, 12043
List the prime factors of 38412232.
2, 311, 15439
What are the prime factors of 550582786?
2, 13, 23, 920707
List the prime factors of 822368395.
5, 509, 323131
What are the prime factors of 29851742?
2, 14925871
What are the prime factors of 52599929?
2341, 22469
List the prime factors of 5963291432.
2, 7, 2213, 48119
What are the prime factors of 284023309?
284023309
List the prime factors of 1298824157.
17, 3169, 24109
List the prime factors of 156752706.
2, 3, 11, 2375041
What are the prime factors of 420533690?
2, 5, 1153, 36473
List the prime factors of 12901451.
12901451
List the prime factors of 106600362.
2, 3, 11, 1615157
List the prime factors of 413077767.
3, 137692589
List the prime factors of 57718026.
2, 3, 17, 188621
List the prime factors of 588432079.
588432079
List the prime factors of 83660183.
1471, 56873
What are the prime factors of 935110136?
2, 163, 717109
List the prime factors of 10385901.
3, 128221
What are the prime factors of 2247367192?
2, 7, 227, 176791
List the prime factors of 84439178.
2, 239, 176651
List the prime factors of 1595696435.
5, 29, 281, 39163
List the prime factors of 1991069455.
5, 1451, 274441
List the prime factors of 111255918.
2, 3, 601, 30853
List the prime factors of 208005262.
2, 79, 719, 1831
List the prime factors of 488592287.
488592287
What are the prime factors of 974145385?
5, 194829077
List the prime factors of 157072769.
7, 83, 409, 661
What are the prime factors of 788451168?
2, 3, 8213033
List the prime factors of 43463501.
4649, 9349
List the prime factors of 92912719.
67, 1386757
List the prime factors of 126852134.
2, 1733, 36599
List the prime factors of 908029510.
2, 5, 227, 607, 659
List the prime factors of 1016232278.
2, 113, 1097, 4099
List the prime factors of 276875557.
7, 29, 67, 20357
List the prime factors of 617212993.
5953, 103681
What are the prime factors of 4289284?
2, 31, 34591
List the prime factors of 22171641.
3, 7390547
What are the prime factors of 751376839?
83, 9052733
What are the prime factors of 38481464?
2, 7, 89, 1103
What are the prime 